{"id":664,"date":"2013-11-18T21:31:58","date_gmt":"2013-11-18T20:31:58","guid":{"rendered":"http:\/\/www.smhp.fr\/?page_id=664"},"modified":"2014-11-11T17:15:46","modified_gmt":"2014-11-11T16:15:46","slug":"jfm-82-granulomatoses","status":"publish","type":"page","link":"http:\/\/www.smhp.fr\/?page_id=664","title":{"rendered":"JFM 82. Granulomatoses"},"content":{"rendered":"<p><strong>Organisation :\u00a0Professeur Catherine CHAPELON-ABRIC<\/strong><br \/>\nSous la pr\u00e9sidence du Professeur Jean-Pierre ALGAYRES<br \/>\nSecr\u00e9taires G\u00e9n\u00e9raux : Martine GAYRAUD et Jean-Marc ZIZA<\/p>\n<p><strong><a href=\"http:\/\/www.smhp.fr\/wp-content\/uploads\/2014\/04\/82prospectus.pdf\" target=\"_blank\">Prospectus<\/a><\/strong><\/p>\n<p><strong><a href=\"http:\/\/www.smhp.fr\/wp-content\/uploads\/2014\/06\/82brochure.pdf\" target=\"_blank\">Brochure<\/a><\/strong><\/p>\n<p>&nbsp;<\/p>\n<p><a href=\"http:\/\/www.smhp.fr\/wp-content\/uploads\/2014\/10\/82Bernaudin.pdf\" target=\"_blank\"><b>Physiopathologie des granulomatoses syst\u00e9miques<\/b><\/a><br \/>\nJean-Francois Bernaudin, Tenon, Paris<\/p>\n<p><a href=\"http:\/\/www.smhp.fr\/wp-content\/uploads\/2014\/10\/82Martin.pdf\" target=\"_blank\"><b>Vari\u00e9t\u00e9s anatomo-pathologiques du granulome <\/b><\/a><br \/>\nAntoine Martin, Avicenne, Bobigny<\/p>\n<p><b>Granulomatoses oculaires<\/b><br \/>\nBahram Bodaghi, Piti\u00e9, Paris<\/p>\n<p><a href=\"http:\/\/www.smhp.fr\/wp-content\/uploads\/2014\/10\/82Carmoi.pdf\" target=\"_blank\"><b>Granulomatoses h\u00e9patiques<\/b><\/a><br \/>\nThierry Carmois, Val-de-Gr\u00e2ce, Paris<\/p>\n<p><b>Granulomatoses cutan\u00e9es<\/b><br \/>\nSt\u00e9phane Barete, Piti\u00e9, Paris<\/p>\n<p><b>N\u00e9crose aseptique d\u2019organes profonds<\/b><br \/>\nMarc Andr\u00e9, CHU Clermont-Ferrand<\/p>\n<p><b>Granulomatoses pulmonaires<\/b><br \/>\nDominique Valeyre, Avicenne, Bobigny<\/p>\n<p><b>Restauration immunitaire et granulomatoses paradoxales<\/b><br \/>\nLouis Jean Couderc, Foch, Suresnes<\/p>\n<p><b>Interface granulomatoses au cours des affections n\u00e9oplasiques <\/b><br \/>\nHilario Nunes, Avicenne, Bobigny<\/p>\n<p><b>Traitement des ph\u00e9notypes s\u00e9v\u00e8res de la sarco\u00efdose <\/b><br \/>\nCatherine Chapelon-Abric, Piti\u00e9, Paris<\/p>\n","protected":false},"excerpt":{"rendered":"<p>Organisation :\u00a0Professeur Catherine CHAPELON-ABRIC Sous la pr\u00e9sidence du Professeur Jean-Pierre ALGAYRES Secr\u00e9taires G\u00e9n\u00e9raux : Martine GAYRAUD et Jean-Marc ZIZA Prospectus Brochure &nbsp; Physiopathologie des granulomatoses syst\u00e9miques Jean-Francois Bernaudin, Tenon, Paris Vari\u00e9t\u00e9s anatomo-pathologiques du granulome Antoine Martin, Avicenne, Bobigny Granulomatoses oculaires Bahram Bodaghi, Piti\u00e9, Paris Granulomatoses h\u00e9patiques Thierry Carmois, Val-de-Gr\u00e2ce, Paris Granulomatoses cutan\u00e9es St\u00e9phane Barete, Piti\u00e9, &hellip; <a href=\"http:\/\/www.smhp.fr\/?page_id=664\" class=\"more-link\">Continuer la lecture de <span class=\"screen-reader-text\">JFM 82. Granulomatoses<\/span> <span class=\"meta-nav\">&rarr;<\/span><\/a><\/p>\n","protected":false},"author":2,"featured_media":0,"parent":400,"menu_order":3,"comment_status":"closed","ping_status":"closed","template":"","meta":[],"_links":{"self":[{"href":"http:\/\/www.smhp.fr\/index.php?rest_route=\/wp\/v2\/pages\/664"}],"collection":[{"href":"http:\/\/www.smhp.fr\/index.php?rest_route=\/wp\/v2\/pages"}],"about":[{"href":"http:\/\/www.smhp.fr\/index.php?rest_route=\/wp\/v2\/types\/page"}],"author":[{"embeddable":true,"href":"http:\/\/www.smhp.fr\/index.php?rest_route=\/wp\/v2\/users\/2"}],"replies":[{"embeddable":true,"href":"http:\/\/www.smhp.fr\/index.php?rest_route=%2Fwp%2Fv2%2Fcomments&post=664"}],"version-history":[{"count":19,"href":"http:\/\/www.smhp.fr\/index.php?rest_route=\/wp\/v2\/pages\/664\/revisions"}],"predecessor-version":[{"id":1024,"href":"http:\/\/www.smhp.fr\/index.php?rest_route=\/wp\/v2\/pages\/664\/revisions\/1024"}],"up":[{"embeddable":true,"href":"http:\/\/www.smhp.fr\/index.php?rest_route=\/wp\/v2\/pages\/400"}],"wp:attachment":[{"href":"http:\/\/www.smhp.fr\/index.php?rest_route=%2Fwp%2Fv2%2Fmedia&parent=664"}],"curies":[{"name":"wp","href":"https:\/\/api.w.org\/{rel}","templated":true}]}}