{"id":662,"date":"2013-11-18T21:09:36","date_gmt":"2013-11-18T20:09:36","guid":{"rendered":"http:\/\/www.smhp.fr\/?page_id=662"},"modified":"2014-03-22T17:19:24","modified_gmt":"2014-03-22T16:19:24","slug":"jfm-81-pathologies-professionnelles-et-de-lenvironnement","status":"publish","type":"page","link":"http:\/\/www.smhp.fr\/?page_id=662","title":{"rendered":"JFM 81. Pathologies professionnelles et de l&rsquo;environnement"},"content":{"rendered":"<p><strong>Organisateur :\u00a0Professeur Dominique CHOUDAT<\/strong><br \/>\nSous la pr\u00e9sidence du Professeur Lo\u00efc GUILLEVIN<br \/>\nSecr\u00e9taires G\u00e9n\u00e9raux : Martine GAYRAUD et Jean-Marc ZIZA<\/p>\n<p><strong><a href=\"http:\/\/www.smhp.fr\/wp-content\/uploads\/2014\/02\/81prospectus.pdf\" target=\"_blank\">Prospectus<\/a><\/strong>\u00a0de la journ\u00e9e<\/p>\n<p><strong><a href=\"http:\/\/www.smhp.fr\/wp-content\/uploads\/2014\/03\/81brochure.pdf\" target=\"_blank\">Brochure<\/a> <\/strong>de la journ\u00e9e<\/p>\n<p>&nbsp;<\/p>\n<p><strong><a href=\"http:\/\/www.smhp.fr\/wp-content\/uploads\/2014\/03\/81choudat1OK.pdf\" target=\"_blank\">Reconnaissance en maladie professionnelle<\/a><\/strong><br \/>\nDominique Choudat,\u00a0Cochin, Paris<\/p>\n<p><strong>Dermatoses professionnelles allergiques et irritatives<\/strong><br \/>\nMarie-No\u00eblle Cr\u00e9py, Cochin, Paris<\/p>\n<p><strong>Syndromes d\u2019intol\u00e9rance environnementale<\/strong><br \/>\nLynda Bensefa-Colas, Cochin, Paris<\/p>\n<p><strong>Horaires atypiques<\/strong><br \/>\nDamien L\u00e9ger, H\u00f4tel Dieu, Paris<\/p>\n<p><strong><a href=\"http:\/\/www.smhp.fr\/wp-content\/uploads\/2014\/03\/81descatha.pdf\" target=\"_blank\">Troubles musculo-squelettiques<\/a><\/strong><br \/>\nAlexis Descatha, Raymond Poincar\u00e9, Garches<\/p>\n<p><strong><a href=\"http:\/\/www.smhp.fr\/wp-content\/uploads\/2014\/03\/81MarieSoulaOKOO.pdf\" target=\"_blank\">Risques psycho-sociaux et \u00e9puisement professionnel<\/a><\/strong><br \/>\nMarie-Christine Soula, Cochin, Paris<\/p>\n<p><strong><a href=\"http:\/\/www.smhp.fr\/wp-content\/uploads\/2014\/03\/81paironOKOO.pdf\">Amiante ; les aspects m\u00e9dico-sociaux sp\u00e9cifiques<\/a><\/strong><br \/>\nJean Claude Pairon, CHI, Cr\u00e9teil<\/p>\n","protected":false},"excerpt":{"rendered":"<p>Organisateur :\u00a0Professeur Dominique CHOUDAT Sous la pr\u00e9sidence du Professeur Lo\u00efc GUILLEVIN Secr\u00e9taires G\u00e9n\u00e9raux : Martine GAYRAUD et Jean-Marc ZIZA Prospectus\u00a0de la journ\u00e9e Brochure de la journ\u00e9e &nbsp; Reconnaissance en maladie professionnelle Dominique Choudat,\u00a0Cochin, Paris Dermatoses professionnelles allergiques et irritatives Marie-No\u00eblle Cr\u00e9py, Cochin, Paris Syndromes d\u2019intol\u00e9rance environnementale Lynda Bensefa-Colas, Cochin, Paris Horaires atypiques Damien L\u00e9ger, H\u00f4tel &hellip; <a href=\"http:\/\/www.smhp.fr\/?page_id=662\" class=\"more-link\">Continuer la lecture de <span class=\"screen-reader-text\">JFM 81. Pathologies professionnelles et de l&rsquo;environnement<\/span> <span class=\"meta-nav\">&rarr;<\/span><\/a><\/p>\n","protected":false},"author":2,"featured_media":0,"parent":400,"menu_order":2,"comment_status":"closed","ping_status":"closed","template":"","meta":[],"_links":{"self":[{"href":"http:\/\/www.smhp.fr\/index.php?rest_route=\/wp\/v2\/pages\/662"}],"collection":[{"href":"http:\/\/www.smhp.fr\/index.php?rest_route=\/wp\/v2\/pages"}],"about":[{"href":"http:\/\/www.smhp.fr\/index.php?rest_route=\/wp\/v2\/types\/page"}],"author":[{"embeddable":true,"href":"http:\/\/www.smhp.fr\/index.php?rest_route=\/wp\/v2\/users\/2"}],"replies":[{"embeddable":true,"href":"http:\/\/www.smhp.fr\/index.php?rest_route=%2Fwp%2Fv2%2Fcomments&post=662"}],"version-history":[{"count":22,"href":"http:\/\/www.smhp.fr\/index.php?rest_route=\/wp\/v2\/pages\/662\/revisions"}],"predecessor-version":[{"id":905,"href":"http:\/\/www.smhp.fr\/index.php?rest_route=\/wp\/v2\/pages\/662\/revisions\/905"}],"up":[{"embeddable":true,"href":"http:\/\/www.smhp.fr\/index.php?rest_route=\/wp\/v2\/pages\/400"}],"wp:attachment":[{"href":"http:\/\/www.smhp.fr\/index.php?rest_route=%2Fwp%2Fv2%2Fmedia&parent=662"}],"curies":[{"name":"wp","href":"https:\/\/api.w.org\/{rel}","templated":true}]}}