{"id":186,"date":"2013-11-10T17:35:11","date_gmt":"2013-11-10T16:35:11","guid":{"rendered":"http:\/\/www.smhp.fr\/?page_id=186"},"modified":"2013-11-12T16:15:32","modified_gmt":"2013-11-12T15:15:32","slug":"rapport-moral-2012","status":"publish","type":"page","link":"http:\/\/www.smhp.fr\/?page_id=186","title":{"rendered":"Rapport moral 2011-2012"},"content":{"rendered":"<p>Mes Chers Coll\u00e8gues et Chers Amis,<\/p>\n<p>Je suis particuli\u00e8rement heureux, \u00e0 nouveau, de pr\u00e9senter le rapport moral de notre soci\u00e9t\u00e9 en collaboration avec Martine GAYRAUD, trois ans apr\u00e8s notre prise de fonctions. On nous avait parl\u00e9 d\u2019une dur\u00e9e de 6 ans ; je ne sais donc pas s\u2019il s\u2019agit d\u2019un rapport de mi-mandat. Nous allons surtout nous attacher \u00e0 faire le bilan de l\u2019ann\u00e9e qui vient de se d\u00e9rouler et \u00e0 ouvrir quelques perspectives d\u2019avenir.<\/p>\n<p>Quatre s\u00e9ances scientifiques ont pu \u00eatre organis\u00e9es : &#8211; C\u0153ur et m\u00e9decine interne organis\u00e9e par les professeurs Ariel COHEN et Catherine ABRIC &#8211; H\u00e9matologie et M\u00e9decine Interne s\u00e9ance organis\u00e9e par les professeurs Thierry DE REVEL et Olivier HERMINE &#8211; Au mois de mars, une s\u00e9ance sur le rein a \u00e9t\u00e9 organis\u00e9e par Pierre RONCO et Emmanuelle PLAISIER &#8211; Au mois de mai, une s\u00e9ance sur Grossesse et M\u00e9decine Interne a \u00e9t\u00e9 organis\u00e9e par Nathalie COSTEDOAT-CHALUMEAU et Jacques LEPERC. &#8211; Nous venons enfin d\u2019assister \u00e0 une magnifique s\u00e9ance sur les vascularites, organis\u00e9e par le Professeur Lo\u00efc GUILLEVIN&#8230; tout seul !<\/p>\n<p>Globalement les s\u00e9ances ont \u00e9t\u00e9 extr\u00eamement suivies avec 90 \u00e0 110 participants. Tous se f\u00e9licitent du rajeunissement de nos cadres, avec la pr\u00e9sence de plus en plus importante d\u2019internes en formation. R\u00e9cemment le caract\u00e8re obligatoire de la pr\u00e9sence aux s\u00e9ances de la M\u00e9dicale des Internes pour la validation du DES de M\u00e9decine Interne est \u00e9videmment un aiguillon assez stimulant aupr\u00e8s de nos jeunes coll\u00e8gues.<\/p>\n<p>Statutairement, si vos secr\u00e9taires g\u00e9n\u00e9raux n\u2019ont pas chang\u00e9, l\u2019exercice 2011-2012 a vu la nomination d\u2019un nouveau Pr\u00e9sident en la personne du Professeur Jean CABANE, Chef du Service de M\u00e9decine Interne \u00e0 l\u2019h\u00f4pital Saint-Antoine. Il remplace le Professeur Thierry DEBORD qui reste n\u00e9anmoins membre du bureau en tant que Vice-Pr\u00e9sident repr\u00e9sentant la Soci\u00e9t\u00e9 M\u00e9dicale Fran\u00e7aise des Arm\u00e9es.<\/p>\n<p>Je profite de cette occasion pour le remercier pour sa Pr\u00e9sidence au nom de tous les membres de la Soci\u00e9t\u00e9, des membres de son Conseil d\u2019Administration et plus particuli\u00e8rement de Martine GAYRAUD et moi-m\u00eame, qui avons \u00e9t\u00e9 particuli\u00e8rement heureux de pouvoir le connaitre en travaillant \u00e0 ses cot\u00e9s pendant sa Pr\u00e9sidence. J\u2019esp\u00e8re qu\u2019il restera des n\u00f4tres pendant encore longtemps.<\/p>\n<p>La s\u00e9ance solennelle du mois de janvier 2012 nous a permis de recevoir \u00ab en grande pompe \u00bb Monsieur le Ministre Bernard KOUCHNER, qui a pu, sur invitation du Professeur CHRISTOFOROV faire une conf\u00e9rence tr\u00e8s appr\u00e9ci\u00e9e.<\/p>\n<p>L\u2019exercice pass\u00e9 \u00e0 bien sur \u00e9t\u00e9 \u00e9galement consacr\u00e9 \u00e0 pr\u00e9parer l\u2019avenir, avec un programme \u00e9tabli sur presque sur 2 ans :<\/p>\n<p>Janvier 2013 : pathologies c\u00e9r\u00e9bro-vasculaires s\u00e9ance anim\u00e9e par le Professeur Jean-Louis MAS Mars 2013 : pathologies osseuses de surcharge par le Professeur GUGGENBUHL \u00e0 Rennes Mai 2013 : une journ\u00e9e d\u2019endocrinologie\u2022 Octobre 2013 : th\u00e8me consacr\u00e9 \u00e0 la douleur, et c\u2019est le Professeur PERROT qui animera la journ\u00e9e \u2022 Janvier 2014 : le Professeur CABANE sera responsable de l\u2019organisation d\u2019une journ\u00e9e\u00a0scientifique sur le fer et ses pathologies \u2022 Mars 2014 : nous nous int\u00e9resserons aux myco-bact\u00e9rioses et plus g\u00e9n\u00e9ralement aux\u00a0granulomatoses.<\/p>\n<p>Nous avons ainsi presque 18 mois de programme. Pour chacune de ces s\u00e9ances, un coordinateur scientifique a \u00e9t\u00e9 d\u00e9sign\u00e9 au sein du conseil d\u2019administration et il en a accept\u00e9 le principe.<\/p>\n<p>Nous avons gard\u00e9 le m\u00eame syst\u00e8me d\u2019organisation que depuis 2 ans, \u00e0 savoir envoyer \u00e0 chaque coordinateur du DES de M\u00e9decine-Interne, comme de la sp\u00e9cialit\u00e9\u00a0concern\u00e9e par le th\u00e8me, le programme afin d\u2019attirer les jeunes.<\/p>\n<p>Comme les autres ann\u00e9es nous d\u00e9plorons, je le redis, que les Chefs de Clinique, jeunes PH et Internes des services de M\u00e9decine Interne ne participent pas assez souvent \u00e0 nos s\u00e9ances, alors que nous sommes au c\u0153ur de Paris et \u00e0 proximit\u00e9 des grands services de l\u2019Assistance Publique.<\/p>\n<p>Un probl\u00e8me d\u2019organisation et de disponibilit\u00e9 de salle persiste, et s\u2019amplifie au fur et \u00e0 mesure que le nombre d\u2019\u00e9tudiants des Arm\u00e9es augmente, nous privant ainsi de temps en temps de salle. Je tiens \u00e0 remercier pour leur disponibilit\u00e9 nos amis militaires qu\u2019il s\u2019agisse du Professeur DEBORD ou du Professeur LECHEVALIER. Parall\u00e8lement, je tiens \u00e0 remercier le Commandant LEMPEREUR responsable au sein du Val de Grace de l\u2019attribution des salles.<\/p>\n<p>Comme vous avez pu le voir aujourd\u2019hui, nous demandons aussi l\u2019hospitalit\u00e9 \u00e0 la Facult\u00e9 de M\u00e9decine Paris V et je tiens \u00e0 remercier son Doyen le Professeur BERCHE pour sa disponibilit\u00e9 et sa compr\u00e9hension.<\/p>\n<p>Cette ann\u00e9e, nous avons pu, gr\u00e2ce \u00e0 la pugnacit\u00e9 de Martine GAYRAUD, du s\u00e9rieux scientifique de Pierre RONCO et de Lo\u00efc GUILLEVIN, faire sortir un num\u00e9ro sp\u00e9cial de la presse m\u00e9dicale ayant pour th\u00e9matiques respectives les maladies r\u00e9nales et les vacularites. Ces num\u00e9ros ont obtenu un fort succ\u00e8s et j\u2019esp\u00e8re que cette exp\u00e9rience pourra se renouveler.<\/p>\n<p>Enfin, comme vous le savez nous sommes d\u00e9tenteurs d\u2019une s\u00e9rie de m\u00e9dailles frapp\u00e9es aux armes de la Soci\u00e9t\u00e9 m\u00e9dicale des h\u00f4pitaux de Paris et ces m\u00e9dailles sont remises aux organisateurs de nos journ\u00e9es.<\/p>\n<p>Enfin, on ne pourrait pas finir ce rapport moral sans rendre hommage \u00e0 deux femmes qui m\u2019ont entour\u00e9 avec efficacit\u00e9 et amiti\u00e9 : Marianne ADATO, notre secr\u00e9taire dont l\u2019efficacit\u00e9 se renforce d\u2019exercice en exercice et bien s\u00fbr mon amie Martine GAYRAUD avec qui je suis en train de d\u00e9velopper une amiti\u00e9 et plus de trente ans..Je vous remercie tous de votre attention.<\/p>\n<p>Jean Marc ZIZA , Docteur Martine GAYRAUD: Secr\u00e9taires G\u00e9n\u00e9raux de la SMHP<br \/>\nRapport moral pr\u00e9sent\u00e9 par le Dr ZIZA, \u00e0 l\u2019Assembl\u00e9e G\u00e9n\u00e9rale de la Soci\u00e9t\u00e9 M\u00e9dicale des H\u00f4pitaux de Paris (SMHP), le vendredi 5 octobre 2012<\/p>\n","protected":false},"excerpt":{"rendered":"<p>Mes Chers Coll\u00e8gues et Chers Amis, Je suis particuli\u00e8rement heureux, \u00e0 nouveau, de pr\u00e9senter le rapport moral de notre soci\u00e9t\u00e9 en collaboration avec Martine GAYRAUD, trois ans apr\u00e8s notre prise de fonctions. On nous avait parl\u00e9 d\u2019une dur\u00e9e de 6 ans ; je ne sais donc pas s\u2019il s\u2019agit d\u2019un rapport de mi-mandat. Nous allons &hellip; <a href=\"http:\/\/www.smhp.fr\/?page_id=186\" class=\"more-link\">Continuer la lecture de <span class=\"screen-reader-text\">Rapport moral 2011-2012<\/span> <span class=\"meta-nav\">&rarr;<\/span><\/a><\/p>\n","protected":false},"author":2,"featured_media":0,"parent":180,"menu_order":0,"comment_status":"closed","ping_status":"closed","template":"","meta":[],"_links":{"self":[{"href":"http:\/\/www.smhp.fr\/index.php?rest_route=\/wp\/v2\/pages\/186"}],"collection":[{"href":"http:\/\/www.smhp.fr\/index.php?rest_route=\/wp\/v2\/pages"}],"about":[{"href":"http:\/\/www.smhp.fr\/index.php?rest_route=\/wp\/v2\/types\/page"}],"author":[{"embeddable":true,"href":"http:\/\/www.smhp.fr\/index.php?rest_route=\/wp\/v2\/users\/2"}],"replies":[{"embeddable":true,"href":"http:\/\/www.smhp.fr\/index.php?rest_route=%2Fwp%2Fv2%2Fcomments&post=186"}],"version-history":[{"count":3,"href":"http:\/\/www.smhp.fr\/index.php?rest_route=\/wp\/v2\/pages\/186\/revisions"}],"predecessor-version":[{"id":395,"href":"http:\/\/www.smhp.fr\/index.php?rest_route=\/wp\/v2\/pages\/186\/revisions\/395"}],"up":[{"embeddable":true,"href":"http:\/\/www.smhp.fr\/index.php?rest_route=\/wp\/v2\/pages\/180"}],"wp:attachment":[{"href":"http:\/\/www.smhp.fr\/index.php?rest_route=%2Fwp%2Fv2%2Fmedia&parent=186"}],"curies":[{"name":"wp","href":"https:\/\/api.w.org\/{rel}","templated":true}]}}