{"id":183,"date":"2013-11-10T17:31:50","date_gmt":"2013-11-10T16:31:50","guid":{"rendered":"http:\/\/www.smhp.fr\/?page_id=183"},"modified":"2013-11-11T18:17:23","modified_gmt":"2013-11-11T17:17:23","slug":"rapport-moral-2008-2009","status":"publish","type":"page","link":"http:\/\/www.smhp.fr\/?page_id=183","title":{"rendered":"Rapport moral 2008-2009"},"content":{"rendered":"<p>Chers Coll\u00e8gues, Chers Amis,<\/p>\n<div>\n<p>C\u2019est un honneur de faire le rapport moral de l\u2019ann\u00e9e qui vient de s\u2019\u00e9couler au sein de la soci\u00e9t\u00e9 m\u00e9dicale des h\u00f4pitaux \u00e2g\u00e9e de 160 ans, qui nous a confi\u00e9 la responsabilit\u00e9 \u00e0 mon coll\u00e8gue le Dr Jean-Marc ZIZA et moi-m\u00eame d\u2019\u00eatre les secr\u00e9taires.<\/p>\n<p>C\u2019est un challenge de remplacer Claire LEJEUNE qui a occup\u00e9 ce poste pendant 9 ans et que nous remercions vivement de son aide pr\u00e9cieuse, ce, d\u2019autant que nous sommes tous les deux novices au sein de cette soci\u00e9t\u00e9.<\/p>\n<p>L\u2019ann\u00e9e derni\u00e8re, un certain pessimisme avait accompagn\u00e9 le rapport moral avec une inqui\u00e9tude quant \u00e0 la possibilit\u00e9 de poursuivre ces s\u00e9ances, en raison d\u2019une fr\u00e9quentation jug\u00e9e insuffisante par rapport \u00e0 la qualit\u00e9 des prestations d\u2019enseignement et de mise au point offertes \u00e0 l\u2019auditoire. Certes, les contraintes administratives, de transport, les exigences de rentabilit\u00e9 qui sont une pr\u00e9occupation majeure de nos administrateurs nous \u00e9loignent de cet espace de convivialit\u00e9, d\u2019enrichissement propos\u00e9 par la Soci\u00e9t\u00e9. Il faut \u00e9galement noter au cours des derni\u00e8res ann\u00e9es, une part grandissante de l\u2019industrie pharmaceutique dans la formation avec l\u2019organisation de nombreuses journ\u00e9es anim\u00e9es par des orateurs de talent, de r\u00e9putation scientifique indiscutable, mais \u00e9galement \u00e0 vocation commerciale et il faut maintenir une formation m\u00e9dicale ind\u00e9pendante. En d\u00e9pit de tous ces \u00e9cueils qui freinent certainement la fr\u00e9quentation, il faut noter que cette ann\u00e9e, nos 4 s\u00e9ances ont vu une fr\u00e9quentation honorable, diversifi\u00e9e, et que nous avons eu l\u2019impression que l\u2019auditoire avait \u00e9t\u00e9 attentif avec une bonne interactivit\u00e9<\/p>\n<p>Au cours de cette ann\u00e9e 2008-2009, 4 journ\u00e9es ont \u00e9t\u00e9 organis\u00e9es :<\/p>\n<ul>\n<li>\u00ab La polyarthrite rhumato\u00efde en 2008 \u00bb, organis\u00e9 par Olivier MEYER, certes assez sp\u00e9cialis\u00e9e pour les internistes mais qui permettait d\u2019aborder des points physio-pathog\u00e9niques et des th\u00e9rapeutiques qui nous sont communes.<\/li>\n<li>\u00ab \u0152il et m\u00e9decine interne \u00bb, organis\u00e9 par Antoine BREZIN, qui comme toutes ses s\u00e9ances qui sont au c\u0153ur de diverses pathologies a suscit\u00e9 beaucoup d\u2019enthousiasme.<\/li>\n<li>\u00ab Les maladies auto-inflammatoires, \u00bb sous la responsabilit\u00e9 de Gilles GRATEAU qui nous a fait approcher toutes les subtilit\u00e9s de la r\u00e9action inflammatoire qui est notre lot quotidien mais dont les d\u00e9terminismes g\u00e9n\u00e9tiques ne sont pas toujours tr\u00e8s familiers.<\/li>\n<li>enfin, \u00ab Les pathologies du sommeil \u00bb, sous la responsabilit\u00e9 de Damien LEGER qui nous permet d\u2019approcher des pathologies souvent assez mal connues des internistes et qui pourtant sont d\u2019une extr\u00eame fr\u00e9quence au sein de la population.<\/li>\n<\/ul>\n<p>Quelques propositions avaient \u00e9t\u00e9 faites l\u2019ann\u00e9e derni\u00e8re et ont \u00e9t\u00e9 mises en place :<\/p>\n<ul>\n<li>L\u2019organisation d\u2019un cocktail payant pour les participants \u00e0 l\u2019heure du d\u00e9jeuner ce qui permet d\u2019une part de limiter la pause, de raccourcir l\u2019apr\u00e8s-midi permettant ainsi aux \u00e9ventuels provinciaux de repartir plus t\u00f4t et de pouvoir \u00e9changer au cours de ce repas. Il nous a sembl\u00e9 que cette organisation plut\u00f4t positive et nous envisageons la poursuivre l\u2019ann\u00e9e prochaine.<\/li>\n<li>Un rapprochement a \u00e9t\u00e9 propos\u00e9 par la soci\u00e9t\u00e9 de pathologie vasculaire, \u00e0 laquelle malheureusement nous n\u2019avons pas r\u00e9pondu, faute de temps de notre part mais il serait souhaitable que nous puissions rediscuter d\u2019une \u00e9ventuelle r\u00e9union en commun au cours de l\u2019ann\u00e9e qui va venir.<\/li>\n<li>Nous avions \u00e9voqu\u00e9 l\u2019importance d\u2019avoir des programmes assez d\u00e9taill\u00e9s \u00e0 l\u2019avance pour pouvoir les communiquer en amont et peut-\u00eatre \u00eatre plus attractifs qu\u2019un titre isol\u00e9 de s\u00e9ances et pour les 4 prochaines r\u00e9unions, y compris la s\u00e9ance de controverse, nous avons obtenu un programme d\u00e9taill\u00e9 avec le nom des orateurs et donc un peu estim\u00e9 que le contrat a \u00e9t\u00e9 rempli en ce domaine gr\u00e2ce aux 4 responsables de journ\u00e9e qui ont \u00e9t\u00e9 choisis \u00e0 savoir le Professeur Bertrand GODEAU, les Professeurs BRICAIRE et DEBORD, le Professeur CRICKX, le Professeur DUBOIS.<\/li>\n<\/ul>\n<p>Je pense que gr\u00e2ce \u00e0 ces programmes tr\u00e8s d\u00e9taill\u00e9s, Jean-Marc ZIZA et moi-m\u00eame essayerons d\u2019\u00eatre plus persuasifs pour inciter les internistes et notamment les \u00e9tudiants en DES de m\u00e9decine interne de venir \u00e0 ces r\u00e9unions mais \u00e9galement le DES de pathologie infectieuse, dermatologie et neurologie.<\/p>\n<p>Nous comptons beaucoup sur l\u2019aide que pourront nous apporter nos coll\u00e8gues, Membre du Conseil d\u2019administration, \u00e9minent Chef de service de D\u00e9partement de M\u00e9decine interne \u00e0 Paris pour inciter leurs collaborateurs, notamment Chefs de clinique et DES \u00e0 participer \u00e0 ces r\u00e9unions, dont il est rappel\u00e9 qu\u2019elles permettent d\u2019obtenir des points de formation m\u00e9dicale continue.<\/p>\n<p>Nous sommes \u00e9galement tr\u00e8s r\u00e9jouis de voir l\u2019arriv\u00e9e du Professeur DEBORD comme pr\u00e9sident de cette soci\u00e9t\u00e9 et comptons beaucoup sur son influence au sein des h\u00f4pitaux militaires pour \u00e9galement am\u00e9liorer la participation \u00e0 ces r\u00e9unions et peut-\u00eatre \u00e9galement pour nous aider sur le plan logistique car, nous avons quelques difficult\u00e9s cette ann\u00e9e pour pr\u00e9voir \u00e0 l\u2019avance dans quelles salles auront lieu les r\u00e9unions.<\/p>\n<p>Enfin, je souhaite terminer en remerciant Marianne ADATO, notre secr\u00e9taire, qui est une aide tout \u00e0 fait importante pour l\u2019organisation de ces r\u00e9unions et avec laquelle nous allons essayer de remettre \u00e0 jour le site internet et essayer de cibler au mieux le public potentiel.<\/p>\n<p>Merci \u00e0 tous de votre pr\u00e9sence et de votre participation.<\/p>\n<p><strong>Docteur Martine GAYRAUD<\/strong><\/p>\n<\/div>\n","protected":false},"excerpt":{"rendered":"<p>Chers Coll\u00e8gues, Chers Amis, C\u2019est un honneur de faire le rapport moral de l\u2019ann\u00e9e qui vient de s\u2019\u00e9couler au sein de la soci\u00e9t\u00e9 m\u00e9dicale des h\u00f4pitaux \u00e2g\u00e9e de 160 ans, qui nous a confi\u00e9 la responsabilit\u00e9 \u00e0 mon coll\u00e8gue le Dr Jean-Marc ZIZA et moi-m\u00eame d\u2019\u00eatre les secr\u00e9taires. C\u2019est un challenge de remplacer Claire LEJEUNE &hellip; <a href=\"http:\/\/www.smhp.fr\/?page_id=183\" class=\"more-link\">Continuer la lecture de <span class=\"screen-reader-text\">Rapport moral 2008-2009<\/span> <span class=\"meta-nav\">&rarr;<\/span><\/a><\/p>\n","protected":false},"author":2,"featured_media":0,"parent":180,"menu_order":0,"comment_status":"closed","ping_status":"closed","template":"","meta":[],"_links":{"self":[{"href":"http:\/\/www.smhp.fr\/index.php?rest_route=\/wp\/v2\/pages\/183"}],"collection":[{"href":"http:\/\/www.smhp.fr\/index.php?rest_route=\/wp\/v2\/pages"}],"about":[{"href":"http:\/\/www.smhp.fr\/index.php?rest_route=\/wp\/v2\/types\/page"}],"author":[{"embeddable":true,"href":"http:\/\/www.smhp.fr\/index.php?rest_route=\/wp\/v2\/users\/2"}],"replies":[{"embeddable":true,"href":"http:\/\/www.smhp.fr\/index.php?rest_route=%2Fwp%2Fv2%2Fcomments&post=183"}],"version-history":[{"count":2,"href":"http:\/\/www.smhp.fr\/index.php?rest_route=\/wp\/v2\/pages\/183\/revisions"}],"predecessor-version":[{"id":367,"href":"http:\/\/www.smhp.fr\/index.php?rest_route=\/wp\/v2\/pages\/183\/revisions\/367"}],"up":[{"embeddable":true,"href":"http:\/\/www.smhp.fr\/index.php?rest_route=\/wp\/v2\/pages\/180"}],"wp:attachment":[{"href":"http:\/\/www.smhp.fr\/index.php?rest_route=%2Fwp%2Fv2%2Fmedia&parent=183"}],"curies":[{"name":"wp","href":"https:\/\/api.w.org\/{rel}","templated":true}]}}