{"id":1708,"date":"2021-06-05T09:30:12","date_gmt":"2021-06-05T08:30:12","guid":{"rendered":"http:\/\/www.smhp.fr\/?page_id=1708"},"modified":"2021-06-05T09:31:20","modified_gmt":"2021-06-05T08:31:20","slug":"jfm-106-osteopathies-fragilisantes-et-autres-maladies-de-los","status":"publish","type":"page","link":"http:\/\/www.smhp.fr\/?page_id=1708","title":{"rendered":"JFM 106. Ost\u00e9opathies fragilisantes et autres maladies de l\u2019os"},"content":{"rendered":"\n<blockquote class=\"wp-block-quote\"><p>Journ\u00e9e organis\u00e9e par le Professeur Christian ROUX (H\u00f4pital COCHIN, Paris), le 19 mars 2021<\/p><\/blockquote>\n","protected":false},"excerpt":{"rendered":"<p>Journ\u00e9e organis\u00e9e par le Professeur Christian ROUX (H\u00f4pital COCHIN, Paris), le 19 mars 2021<\/p>\n","protected":false},"author":2,"featured_media":0,"parent":1666,"menu_order":2,"comment_status":"closed","ping_status":"closed","template":"","meta":[],"_links":{"self":[{"href":"http:\/\/www.smhp.fr\/index.php?rest_route=\/wp\/v2\/pages\/1708"}],"collection":[{"href":"http:\/\/www.smhp.fr\/index.php?rest_route=\/wp\/v2\/pages"}],"about":[{"href":"http:\/\/www.smhp.fr\/index.php?rest_route=\/wp\/v2\/types\/page"}],"author":[{"embeddable":true,"href":"http:\/\/www.smhp.fr\/index.php?rest_route=\/wp\/v2\/users\/2"}],"replies":[{"embeddable":true,"href":"http:\/\/www.smhp.fr\/index.php?rest_route=%2Fwp%2Fv2%2Fcomments&post=1708"}],"version-history":[{"count":2,"href":"http:\/\/www.smhp.fr\/index.php?rest_route=\/wp\/v2\/pages\/1708\/revisions"}],"predecessor-version":[{"id":1710,"href":"http:\/\/www.smhp.fr\/index.php?rest_route=\/wp\/v2\/pages\/1708\/revisions\/1710"}],"up":[{"embeddable":true,"href":"http:\/\/www.smhp.fr\/index.php?rest_route=\/wp\/v2\/pages\/1666"}],"wp:attachment":[{"href":"http:\/\/www.smhp.fr\/index.php?rest_route=%2Fwp%2Fv2%2Fmedia&parent=1708"}],"curies":[{"name":"wp","href":"https:\/\/api.w.org\/{rel}","templated":true}]}}