{"id":1173,"date":"2016-01-03T12:14:19","date_gmt":"2016-01-03T11:14:19","guid":{"rendered":"http:\/\/www.smhp.fr\/?page_id=1173"},"modified":"2016-09-12T17:57:12","modified_gmt":"2016-09-12T16:57:12","slug":"jfm-91-avancees-technologiques","status":"publish","type":"page","link":"http:\/\/www.smhp.fr\/?page_id=1173","title":{"rendered":"JFM 91. Innovations interventionnelles et de laboratoire"},"content":{"rendered":"<p>Journ\u00e9e organis\u00e9e par Christophe CAUSSIN et Audrey ME\u0301RENS<\/p>\n<p>Vendredi 30 septembre 2016 de 9 h 30 \u2013 16 h 30<br \/>\nAmphithe\u0301a\u0302tre BAUDENS Ecole du Val de Gra\u0302ce Place Laveran &#8211; 75005 Paris<\/p>\n<p>Sous la pr\u00e9sidence du Professeur Jean-Pierre ALGAYRES<br \/>\nSecr\u00e9taires G\u00e9n\u00e9raux : Martine GAYRAUD et Jean-Marc ZIZA<\/p>\n<p>Avec le soutien du laboratoire Pfizer<br \/>\n<a href=\"http:\/\/www.smhp.fr\/wp-content\/uploads\/2015\/01\/Pfizer.jpg\" rel=\"attachment wp-att-1041\"><img loading=\"lazy\" class=\"alignnone size-full wp-image-1041\" src=\"http:\/\/www.smhp.fr\/wp-content\/uploads\/2015\/01\/Pfizer.jpg\" alt=\"Pfizer\" width=\"119\" height=\"69\" \/><\/a><\/p>\n<p><strong><a href=\"http:\/\/www.smhp.fr\/wp-content\/uploads\/2016\/09\/91prospectus.pdf\" target=\"_blank\">Prospectus<\/a><\/strong><\/p>\n<p><strong>Programme<\/strong><\/p>\n<p>MATIN\u00c9E:<br \/>\nMod\u00e9rateurs: Christophe Caussin et Martine Gayraud<\/p>\n<p>9h00- Accueil des participants<\/p>\n<p>9h30- TAVI : Indications et re\u0301sultats<br \/>\nChristophe Caussin, Institut Montsouris, Paris<\/p>\n<p>10h00- Fermeture de l\u2019auricule dans la pre\u0301vention des AVC<br \/>\nSimon Elhadad, Marne la Valle\u0301e<\/p>\n<p>10h30- Pause-Cafe\u0301<\/p>\n<p>11h00- Traitement rythmique de l\u2019insuffisance cardiaque<br \/>\nPierre Jorrot, Institut Montsouris, Paris<\/p>\n<p>11h30- Imagerie endocoronaire<br \/>\nNicolas Amabile, Institut Montsouris, Paris<\/p>\n<p>12h00- Place de la thrombectomie dans la prise en charge des AVC aigu\u0308s<br \/>\nChristine Rodriguez-Re\u0301gent, Ste-Anne, Paris<\/p>\n<p>APRES-MIDI<br \/>\nMode\u0301rateurs : Audrey M\u00e9rens et Jean-Pierre Algayres<\/p>\n<p>14h00- Strate\u0301gies modernes de diagnostic et de suivi des he\u0301mopathies au laboratoire<br \/>\nChristophe Martinaud, Laveran, Marseille<\/p>\n<p>14h30- Aide du laboratoire en oncoge\u0301ne\u0301tique : diagnostic suivi et the\u0301rapeutiques cible\u0301es Herve\u0301 Delacour, Be\u0301gin, Saint Mande\u0301<\/p>\n<p>15h00- Nouvelles techniques en microbiologie : quel avenir pour le se\u0301quenc\u0327age haut de\u0301bit?<br \/>\nVincent Cattoir, Caen<\/p>\n<p>15h30- Auto-immunite\u0301<br \/>\nFre\u0301de\u0301ric Batteux, Cochin, Paris<\/p>\n<p>16h00- Conclusions<\/p>\n","protected":false},"excerpt":{"rendered":"<p>Journ\u00e9e organis\u00e9e par Christophe CAUSSIN et Audrey ME\u0301RENS Vendredi 30 septembre 2016 de 9 h 30 \u2013 16 h 30 Amphithe\u0301a\u0302tre BAUDENS Ecole du Val de Gra\u0302ce Place Laveran &#8211; 75005 Paris Sous la pr\u00e9sidence du Professeur Jean-Pierre ALGAYRES Secr\u00e9taires G\u00e9n\u00e9raux : Martine GAYRAUD et Jean-Marc ZIZA Avec le soutien du laboratoire Pfizer Prospectus Programme &hellip; <a href=\"http:\/\/www.smhp.fr\/?page_id=1173\" class=\"more-link\">Continuer la lecture de <span class=\"screen-reader-text\">JFM 91. Innovations interventionnelles et de laboratoire<\/span> <span class=\"meta-nav\">&rarr;<\/span><\/a><\/p>\n","protected":false},"author":2,"featured_media":0,"parent":1135,"menu_order":4,"comment_status":"closed","ping_status":"closed","template":"","meta":[],"_links":{"self":[{"href":"http:\/\/www.smhp.fr\/index.php?rest_route=\/wp\/v2\/pages\/1173"}],"collection":[{"href":"http:\/\/www.smhp.fr\/index.php?rest_route=\/wp\/v2\/pages"}],"about":[{"href":"http:\/\/www.smhp.fr\/index.php?rest_route=\/wp\/v2\/types\/page"}],"author":[{"embeddable":true,"href":"http:\/\/www.smhp.fr\/index.php?rest_route=\/wp\/v2\/users\/2"}],"replies":[{"embeddable":true,"href":"http:\/\/www.smhp.fr\/index.php?rest_route=%2Fwp%2Fv2%2Fcomments&post=1173"}],"version-history":[{"count":10,"href":"http:\/\/www.smhp.fr\/index.php?rest_route=\/wp\/v2\/pages\/1173\/revisions"}],"predecessor-version":[{"id":1239,"href":"http:\/\/www.smhp.fr\/index.php?rest_route=\/wp\/v2\/pages\/1173\/revisions\/1239"}],"up":[{"embeddable":true,"href":"http:\/\/www.smhp.fr\/index.php?rest_route=\/wp\/v2\/pages\/1135"}],"wp:attachment":[{"href":"http:\/\/www.smhp.fr\/index.php?rest_route=%2Fwp%2Fv2%2Fmedia&parent=1173"}],"curies":[{"name":"wp","href":"https:\/\/api.w.org\/{rel}","templated":true}]}}